t a(y) = 8*y**2 - 2*y**2 + 4*y - 2*y**2 + 6. Let s be a(-6). Let f(q) = 29*q + 1120. Let i be f(-38). What is the greatest common factor of s and i?
18
Let y be (-143 + 142)/(-1 - (-138)/141). Calculate the highest common divisor of y and 1739.
47
Suppose -4*x + 296 = 3*n, -4*x - 2*n + 204 + 92 = 0. Calculate the highest common factor of 1406 and x.
74
Suppose 5*w - 98 = -63. Suppose -3*n + y = -156, -4*n - 3*y = -3*n - 52. Let a be 4012/n + 2/(-13). Calculate the greatest common divisor of w and a.
7
Suppose -4*g + 3*w + 37 = 0, -2*w + 3*w - 18 = -3*g. Let n be g + ((-2)/(-4))/(16/(-32)). What is the highest common factor of n and 3?
3
Let s be 3*-883*14/(-42). Let w = -553 + s. Calculate the greatest common factor of w and 33.
33
Let c(x) = 263*x + 1728. Let o be c(-6). Calculate the greatest common divisor of o and 2650.
50
Let b = 223 - 37. Let z = b + -128. What is the greatest common factor of z and 87?
29
Let z(j) = 10*j**3 + 4*j**2 - 1. Let f be z(2). Suppose 0 = x - 5*x - 3*y + 29, y = -x + 8. What is the highest common factor of f and x?
5
Let p be 120/32 - (-3)/12. Suppose 0 = -8*v + 4 + p. Suppose -16*f + 81 = -31. Calculate the highest common divisor of f and v.
1
Let p be (-2 - 0 - -3) + 271. Suppose 0 = -19*l + 97*l - 2359 + 487. What is the greatest common divisor of l and p?
8
Let o be 3/(-21) - (-13948)/77. Suppose 5*r + z = o, -23*r + 20*r + 107 = z. Let b = 43 + -6. Calculate the greatest common divisor of b and r.
37
Let l = 20 + -8. Suppose 33 = 4*r + 29. Let f be -6 - (r - 6) - (-1 - 12). Calculate the greatest common divisor of l and f.
12
Let p = -551 + 544. Let l be 6/p - 272/(-56). Suppose 2 = 5*c + s, 2*c - 5*c - 6 = 3*s. Calculate the highest common divisor of l and c.
1
Let c be -9 + (0/(-4))/6. Let t be (-16)/3*c/6. Calculate the highest common divisor of 56 and t.
8
Suppose -149 = -d - 5*r, 4*r + 861 = 23*d - 18*d. What is the greatest common divisor of 1066 and d?
13
Let k(a) = -20*a**2 - 602*a - 28. Let f be k(-30). Calculate the highest common factor of 1312 and f.
32
Let q be (116 - -4)/3*48/5. Let w(j) = -j**2 + 15*j - 6. Let o be w(9). What is the greatest common divisor of q and o?
48
Suppose 16*d - 66 = 30. Let f be (52/d)/(158/237). What is the highest common factor of f and 351?
13
Let j = -135 - -153. Let n be j/12 - 1780/(-8). Calculate the highest common factor of n and 28.
28
Let t(j) = j**3 + 4*j**2 - 28*j - 7. Let l be t(12). Calculate the highest common factor of l and 212.
53
Suppose 0 = -6*q + 39*q + 231. Let j be (255/(-20))/(-1 - q/8). What is the highest common factor of 6 and j?
6
Let w(t) = -t**2 + 7*t - 7. Let x be w(5). Let r be (-1 - (0 - 1)) + 2 + x. Suppose -12 = -r*q + 38. What is the highest common factor of q and 10?
10
Suppose -40 = -9*f - 4. Let h be 5/((-90)/f) + (-1405)/(-45). Calculate the highest common divisor of 403 and h.
31
Suppose 15 = 3*l, 2*l = -207*f + 209*f - 114. Calculate the greatest common divisor of 9145 and f.
31
Suppose -2*r + q + 130 - 29 = 0, 3*r - 150 = 2*q. Suppose -63*x + 968 = -r*x. What is the greatest common divisor of x and 704?
88
Let j be ((825/(-10))/1)/((-3)/22). Calculate the highest common factor of j and 5.
5
Let m(r) = -r**2 - 80*r - 451. Let o be m(-9). Calculate the greatest common divisor of 8 and o.
4
Let m be (-6*3/(-6))/(12/(-40)). Let x be -2*(-2 + 52/16)*m. What is the greatest common factor of 1 and x?
1
Let t(p) = 2*p**2 - 89*p + 189. Let s be t(43). Let x(o) = -6*o + 1. Let q be x(8). Let w = 71 + q. What is the highest common factor of w and s?
12
Let p = -346 - -634. Suppose 174 = 2*h - 2*c - p, 5*h = -3*c + 1139. Suppose 3*v = -4*b + h, 0*v - 3 = -v. Calculate the highest common factor of 110 and b.
55
Let t(r) = -r - 4. Let f be t(-6). Suppose -19*b + 22*b = 6. Suppose -c + 31 = b*s, 2*s - 4*s + 70 = f*c. Calculate the highest common factor of 13 and c.
13
Suppose -132*p + 284 + 11 = 31. Calculate the greatest common factor of 98 and p.
2
Let b = 106 + -53. Let f = b - 31. Let r be 3*11*(-2)/(-3). What is the highest common factor of f and r?
22
Suppose 0 = -2147*v + 2133*v + 68908. Calculate the greatest common factor of v and 92.
46
Let l(j) = 13*j - 1. Let o be l(7). Let h be (336/(-396) - (-10)/15) + 662/11. What is the highest common divisor of h and o?
30
Let y = -22 + 28. Let b(g) be the second derivative of g**4/12 - g**3/3 + 18*g. Let n be b(8). What is the greatest common factor of n and y?
6
Let w(k) = -4*k**3 - 58*k**2 - 28*k - 438. Let r be w(-18). Calculate the highest common factor of 59 and r.
59
Suppose 74 = 4*m - y - 54, -35 = -m + y. Let d(k) = -57*k - 16. Let u = -263 - -260. Let n be d(u). Calculate the highest common factor of m and n.
31
Suppose -13*i + 20*i = -140. Let f = i + 26. Suppose 0*b - 3*b = -3*n + 144, -3*b = -4*n + 192. What is the highest common divisor of f and n?
6
Suppose 0 = 4*k + 27*u - 26*u - 226, 0 = 3*k + 4*u - 176. Suppose 0 = k*m - 69384 + 23632. What is the highest common divisor of 43 and m?
43
Let b be ((-72)/(-45))/(1/25). Let u = 45 - b. Suppose 3*h + u*m = 53, h + 5 = -2*m + 23. What is the highest common divisor of h and 176?
16
Suppose 0 = b + 4, -3*q + 71*b - 66*b = -167. Calculate the greatest common divisor of q and 2401.
49
Let n be (-1 - -8)*80/28. Let a be n - (1 + -4 + 6). Suppose -7*y + 3*y + 101 = 5*l, -64 = -4*l + y. Calculate the greatest common divisor of l and a.
17
Let d be (-3)/(-2) - 182/(-28). Let j be (0/(-4 + d))/1. Suppose j = 4*h - 120 + 24. What is the highest common factor of 8 and h?
8
Suppose -47*a - 1453968 = -91*a - 2*a. What is the greatest common divisor of a and 8?
8
Let j be 0 - (-31 + (-5)/1). Suppose -2*b = -11*b + j. What is the highest common divisor of 92 and b?
4
Let l be (36/5)/((-293)/(-4395)). Suppose 0 = 4*f - 28 - 116. Calculate the highest common divisor of l and f.
36
Let i be (18/(-15))/(-2) + ((-331110)/(-150) - -11). What is the highest common factor of i and 7?
7
Let c be (-3774)/(-444)*(-72)/(-51). What is the greatest common factor of c and 1084?
4
Suppose -2*i - 75 = -4*i - 5*y, 33 = i + y. Suppose 176*k - 173*k - i = 0. Calculate the highest common divisor of k and 430.
10
Suppose 7*d - 36743 + 11102 = 0. What is the highest common factor of 27 and d?
9
Suppose -3*l + 5*l - 14 = 0. Suppose 3*h + 1 = l. Let f be (-10)/(-2)*(-2)/(-2). What is the greatest common factor of f and h?
1
Let l(i) = -200*i - 2144. Let g be l(-11). Calculate the greatest common factor of 5236 and g.
28
Suppose 2*v = 20*v - 342. Let l(k) = 4*k**2 - 7*k + 5. Let a(j) = -4*j - 17. Let w be a(-6). Let i be l(w). Calculate the highest common factor of v and i.
19
Suppose -60*g + 2564 = -25*g - 165506. Calculate the greatest common factor of g and 28.
14
Let u be 107*1431/9 - (7 + 2). Calculate the highest common divisor of u and 6.
6
Let s = -6 - -443. Suppose 2*b + 33 = 3*h - 44, -4*h - 2*b = -84. What is the highest common divisor of h and s?
23
Let n be (-48)/4*(3045/20)/(-21). What is the greatest common factor of n and 14645?
29
Let n(y) = 11*y**2 - y + 6. Let l be n(0). Suppose 0 = -5*k + 5*f + 240, -f - 68 = -2*k - l*f. What is the greatest common factor of k and 110?
22
Suppose 6*o - b = o + 236, 4 = b. Suppose z + 2 = -3*m + o, -2*z = m - 22. Calculate the highest common factor of m and 147.
7
Let u = 6300 + -5455. Calculate the greatest common divisor of 1521 and u.
169
Let t(i) = 9*i + 1. Let l be t(-1). Let u(x) = x**3 + 15*x**2 + 18*x + 11. Let p be u(l). Suppose -k = -8*k + p. What is the highest common factor of k and 15?
15
Suppose -5*w - 148 = -2*r, -4*r + 268 = -2*w - w. Suppose 5733 = 79*s + 1941. What is the greatest common factor of r and s?
16
Suppose 5*w = 2203 + 3337. Let z = w - 1054. Let s be 434/8 - 2/8. Calculate the greatest common divisor of z and s.
54
Let t be ((-4)/2)/(10/365). Suppose 9*f + 1 = -962. Let g = t - f. Calculate the highest common factor of 34 and g.
34
Let m = -191 - -527. Let q = m - 146. What is the greatest common factor of q and 20?
10
Let y = 946 - 588. Let w = y + -340. Let p = 60 + -36. What is the highest common divisor of w and p?
6
Suppose 2*x + 6027 = f, -2884*f + 24129 = -2880*f - 5*x. What is the highest common factor of f and 21?
7
Let f(u) = 4*u**2 - 95*u - 1586. Let q be f(-40). What is